 remainder when 1033 is divided by 14.
11
What is the remainder when 42 is divided by 10?
2
What is the remainder when 559 is divided by 162?
73
Calculate the remainder when 35471 is divided by 19.
17
Calculate the remainder when 101 is divided by 19.
6
What is the remainder when 406 is divided by 250?
156
Calculate the remainder when 189 is divided by 97.
92
Calculate the remainder when 822 is divided by 103.
101
What is the remainder when 206 is divided by 45?
26
What is the remainder when 4867 is divided by 29?
24
Calculate the remainder when 2486 is divided by 347.
57
What is the remainder when 1674 is divided by 54?
0
What is the remainder when 128 is divided by 75?
53
What is the remainder when 3161 is divided by 113?
110
What is the remainder when 701 is divided by 79?
69
Calculate the remainder when 358 is divided by 79.
42
What is the remainder when 282 is divided by 277?
5
Calculate the remainder when 533 is divided by 38.
1
What is the remainder when 877 is divided by 43?
17
What is the remainder when 159 is divided by 89?
70
Calculate the remainder when 169 is divided by 43.
40
What is the remainder when 103 is divided by 26?
25
Calculate the remainder when 554 is divided by 52.
34
What is the remainder when 127 is divided by 45?
37
Calculate the remainder when 186 is divided by 65.
56
Calculate the remainder when 729 is divided by 23.
16
What is the remainder when 4405 is divided by 90?
85
What is the remainder when 601 is divided by 53?
18
Calculate the remainder when 826 is divided by 208.
202
What is the remainder when 747 is divided by 22?
21
What is the remainder when 1142 is divided by 44?
42
Calculate the remainder when 1694 is divided by 61.
47
Calculate the remainder when 109 is divided by 25.
9
Calculate the remainder when 446 is divided by 27.
14
Calculate the remainder when 44 is divided by 21.
2
Calculate the remainder when 372 is divided by 177.
18
What is the remainder when 1728 is divided by 110?
78
Calculate the remainder when 388 is divided by 38.
8
What is the remainder when 57 is divided by 36?
21
Calculate the remainder when 1083 is divided by 356.
15
Calculate the remainder when 309 is divided by 52.
49
What is the remainder when 91 is divided by 29?
4
What is the remainder when 1549 is divided by 397?
358
What is the remainder when 214 is divided by 15?
4
What is the remainder when 1597 is divided by 41?
39
What is the remainder when 23 is divided by 6?
5
Calculate the remainder when 478 is divided by 61.
51
What is the remainder when 239 is divided by 119?
1
What is the remainder when 204 is divided by 17?
0
Calculate the remainder when 1192 is divided by 29.
3
Calculate the remainder when 103 is divided by 19.
8
What is the remainder when 6977 is divided by 35?
12
What is the remainder when 93 is divided by 22?
5
What is the remainder when 121 is divided by 59?
3
Calculate the remainder when 3495 is divided by 92.
91
Calculate the remainder when 5549 is divided by 278.
267
What is the remainder when 44 is divided by 28?
16
Calculate the remainder when 535 is divided by 51.
25
Calculate the remainder when 8759 is divided by 26.
23
What is the remainder when 4245 is divided by 49?
31
Calculate the remainder when 275 is divided by 160.
115
Calculate the remainder when 1987 is divided by 396.
7
Calculate the remainder when 662 is divided by 242.
178
What is the remainder when 68 is divided by 12?
8
Calculate the remainder when 168 is divided by 38.
16
Calculate the remainder when 42222 is divided by 26.
24
What is the remainder when 311 is divided by 13?
12
What is the remainder when 1672 is divided by 835?
2
What is the remainder when 2428 is divided by 153?
133
Calculate the remainder when 184 is divided by 9.
4
What is the remainder when 49 is divided by 31?
18
Calculate the remainder when 428 is divided by 22.
10
Calculate the remainder when 878 is divided by 52.
46
Calculate the remainder when 117 is divided by 70.
47
Calculate the remainder when 206 is divided by 65.
11
What is the remainder when 123 is divided by 61?
1
What is the remainder when 77 is divided by 43?
34
What is the remainder when 13605 is divided by 84?
81
Calculate the remainder when 1712 is divided by 43.
35
What is the remainder when 824 is divided by 23?
19
Calculate the remainder when 188 is divided by 27.
26
What is the remainder when 115 is divided by 24?
19
What is the remainder when 42 is divided by 2?
0
What is the remainder when 137 is divided by 41?
14
What is the remainder when 3579 is divided by 2?
1
What is the remainder when 289 is divided by 58?
57
What is the remainder when 608 is divided by 176?
80
What is the remainder when 1974 is divided by 25?
24
Calculate the remainder when 782 is divided by 131.
127
Calculate the remainder when 5598 is divided by 16.
14
What is the remainder when 256 is divided by 47?
21
What is the remainder when 258 is divided by 48?
18
Calculate the remainder when 175 is divided by 38.
23
What is the remainder when 758 is divided by 290?
178
What is the remainder when 2350 is divided by 388?
22
Calculate the remainder when 5380 is divided by 23.
21
Calculate the remainder when 1115 is divided by 277.
7
Calculate the remainder when 198 is divided by 15.
3
What is the remainder when 29 is divided by 14?
1
Calculate the remainder when 1461 is divided by 34.
33
Calculate the remainder when 55 is divided by 36.
19
What is the remainder when 157 is divided by 23?
19
What is the remainder when 347 is divided by 201?
146
Calculate the remainder when 243 is divided by 41.
38
Calculate the remainder when 516 is divided by 18.
12
What is the remainder when 67 is divided by 20?
7
What is the remainder when 1204 is divided by 52?
8
Calculate the remainder when 2077 is divided by 13.
10
What is the remainder when 750 is divided by 21?
15
What is the remainder when 6749 is divided by 1123?
11
Calculate the remainder when 913 is divided by 196.
129
Calculate the remainder when 68 is divided by 5.
3
What is the remainder when 4846 is divided by 6?
4
Calculate the remainder when 223 is divided by 32.
31
Calculate the remainder when 405 is divided by 140.
125
What is the remainder when 2882 is divided by 5?
2
What is the remainder when 63 is divided by 22?
19
What is the remainder when 4175 is divided by 36?
35
Calculate the remainder when 7379 is divided by 82.
81
What is the remainder when 39 is divided by 26?
13
What is the remainder when 2452 is divided by 813?
13
Calculate the remainder when 450 is divided by 87.
15
What is the remainder when 1544 is divided by 258?
254
What is the remainder when 66 is divided by 31?
4
What is the remainder when 17 is divided by 5?
2
What is the remainder when 168 is divided by 26?
12
Calculate the remainder when 88 is divided by 15.
13
Calculate the remainder when 562 is divided by 142.
136
Calculate the remainder when 381 is divided by 109.
54
What is the remainder when 518 is divided by 453?
65
What is the remainder when 2074 is divided by 12?
10
What is the remainder when 19471 is divided by 2?
1
Calculate the remainder when 4698 is divided by 235.
233
Calculate the remainder when 691 is divided by 271.
149
Calculate the remainder when 67 is divided by 36.
31
What is the remainder when 59 is divided by 57?
2
Calculate the remainder when 291 is divided by 59.
55
Calculate the remainder when 12236 is divided by 10.
6
Calculate the remainder when 294 is divided by 12.
6
What is the remainder when 134 is divided by 14?
8
What is the remainder when 2312 is divided by 55?
2
Calculate the remainder when 139 is divided by 7.
6
Calculate the remainder when 249 is divided by 9.
6
Calculate the remainder when 852 is divided by 208.
20
Calculate the remainder when 413 is divided by 26.
23
What is the remainder when 1367 is divided by 37?
35
Calculate the remainder when 328 is divided by 6.
4
Calculate the remainder when 23 is divided by 9.
5
What is the remainder when 68 is divided by 10?
8
What is the remainder when 5694 is divided by 89?
87
What is the remainder when 855 is divided by 284?
3
What is the remainder when 418 is divided by 201?
16
Calculate the remainder when 154 is divided by 41.
31
Calculate the remainder when 73 is divided by 27.
19
Calculate the remainder wh